 - h**2 + h - 3. Let l be p(f). Let q = -50 - l. What is the tens digit of q?
3
What is the tens digit of 4 - (-3 + 5 + -202)?
0
Let f = -54 - -97. Let k = 47 + f. What is the units digit of k?
0
Suppose -g + 6*g - 3*v - 5899 = 0, 5*g - v - 5903 = 0. What is the units digit of g?
1
Let m(u) = 4*u + 1 + 10 - 5 + u**2. What is the units digit of m(-4)?
6
Suppose -3290 = -72*c + 67*c. What is the units digit of c?
8
Let c = 70 + -42. Let z = -9 + c. Suppose -y = -2*y + z. What is the units digit of y?
9
What is the thousands digit of 96616/91 + 8/28?
1
Suppose 3*u + 20 = -2*u. Let b be (-6)/u - (-15)/6. What is the tens digit of b/14 + 603/21?
2
Let f = 95 - 58. Let i = f - -55. What is the units digit of i?
2
Let g(s) = -s**3 + 4*s**2 - s + 4. Let y be g(3). Suppose -15*n = -10*n - y. Suppose 4*q = 118 + n. What is the units digit of q?
0
What is the hundreds digit of (76/(-16) - -4) + (-7420)/(-16)?
4
Let b(c) = c**2 + 4*c + 5. Let s be b(-4). Suppose 0 = -5*n + 4*y + 72, n - 5*n = s*y - 74. What is the units digit of n?
6
Suppose -3*s + 10017 = 3*i - 1566, 5*i + 2*s - 19305 = 0. What is the thousands digit of i?
3
Suppose 0*d = 21*d - 2856. Suppose 5*v + d - 336 = 0. What is the units digit of v?
0
Suppose 14091 = 34*w - 13*w. What is the units digit of w?
1
Suppose -g - 4*d = -30, -3*g + 5*g - 4*d = 120. Let y = g - 5. Suppose p - y = -4*p. What is the units digit of p?
9
Let w be 2/9 + (-852)/(-54). Let q = -19 - w. Let g = 45 + q. What is the tens digit of g?
1
Suppose 0 = -3*l - 3*l - 60. What is the units digit of 1 + 1/(-2) + l/(-4)?
3
Let l(h) = 2*h - 1. Let y be l(3). Suppose 4*d = y*n - 133, -4*n + 66 = -3*d - 35. What is the tens digit of 80/(-15)*d/12?
1
Let p be 128/22 + 2/11. Suppose p*r = 2*r - 16. What is the tens digit of (-6)/(-24) + (-59)/r?
1
Let f(r) = 2*r**2 + 16*r + 1. Let l be f(-8). Suppose -3*j - l = -28. What is the units digit of j?
9
Let v = 65 - 109. Let i = 17 + v. Let b = i - -54. What is the tens digit of b?
2
Suppose 0*j - 107 = -2*g + 3*j, -143 = -3*g + j. Suppose -8*v = -p - 4*v + g, 2*p + 4*v = 140. What is the units digit of p?
2
Let p(c) = c**2 - 2*c - 12. Let g be -10 + 8 + (-14)/(-2). What is the units digit of p(g)?
3
Suppose 0 = -l - 1 + 3. Suppose -l*w + 3*w + 85 = 2*q, q - 5*w = 38. What is the units digit of q?
3
Suppose 2*k = 0, -a + 2*k + 20 + 153 = 0. What is the tens digit of a?
7
Suppose 3372 = 5*z - 1083. Suppose 5*w - z = -3*x, 2*w + w = -x + 537. What is the hundreds digit of w?
1
Let m = -1026 - -2820. What is the tens digit of m?
9
Suppose 3*i + 45 = 57. Suppose 24 = 4*z + i. What is the units digit of z?
5
Suppose 856 = 3*l + 2*y, -302 = -l + 7*y - 11*y. What is the hundreds digit of l?
2
Suppose 608 + 11230 = 6*k. What is the thousands digit of k?
1
Suppose -5*y = -3*l - 0*l - 93, 5*l = -2*y + 31. What is the tens digit of 192/y*33/4?
8
Suppose 0 = -3*b, 5*b + 0*b = 4*i - 8. Suppose -1 - 85 = -2*m + i*z, -m = -2*z - 45. What is the units digit of m?
1
Suppose x + 25 = 4*q, -8*x + 3*x + 4*q = 61. Let d(f) = -12*f - 53. What is the units digit of d(x)?
5
Let u be (-2 - -2)/(14/(-7)). Suppose 2 = o - u*o. Suppose 5*x + 2*l = 127, 4*x - o*l + l - 99 = 0. What is the units digit of x?
5
Let c = 20 + -21. Let v(d) = 96*d**2 + d + 1. What is the tens digit of v(c)?
9
Suppose 0 = -29*x + 30*x + 40. What is the units digit of (-1)/(-8) + (-3755)/x?
4
Let n = -243 + 142. Let z = -85 - n. What is the units digit of z?
6
Let p be (18/(-14) + (-10)/(-35))*-25. Let b = p + -3. What is the tens digit of b?
2
Suppose 5*i = -8*n + 4*n + 37, -n - 3*i + 18 = 0. Let u(q) be the first derivative of 2*q**2 + 4*q + 1. What is the units digit of u(n)?
6
Suppose 5*h - 195 = 1185. Suppose 4*g - h = -0*g. Let b = g + -39. What is the units digit of b?
0
What is the units digit of 6/6*(-160)/(-4)?
0
Let x(b) = b**2 - 3*b - 4. Let s be x(4). Let d be s*(-1)/((-6)/(-2)). Suppose 2*g + 0*g - 92 = d. What is the units digit of g?
6
Let k(m) = 376*m - 50. What is the hundreds digit of k(2)?
7
Let n = 1 + 14. What is the units digit of 53 + 1 - 30/n?
2
Let m be 1*2/(-10) - (-77)/35. Suppose -161 = -m*b + 3*v, -b + 4*v - 196 = -3*b. What is the tens digit of b?
8
Let k(v) = v**3 - v**2 + v. Suppose -4*p + 2*s + 14 = -0*p, 0 = -4*s - 12. Let h be k(p). Suppose -h*f = -2*f - 188. What is the units digit of f?
7
Let q = 14 - -20. Suppose -q = -3*o - j + 120, -120 = -2*o - 5*j. What is the units digit of o?
0
What is the hundreds digit of 3 - 11641/(-8) - (-27)/(-216)?
4
Let y = 1416 - 837. What is the units digit of y?
9
Let l be 4 - (-1 - 2) - 0. Suppose 0 = 2*t + d - l, -3*t + 5 = -0*t - 4*d. Suppose 2*w - 2*b = -2*w + 140, 176 = 5*w - t*b. What is the units digit of w?
4
Suppose 311*j - 313*j + 4846 = 0. What is the hundreds digit of j?
4
Let o(q) = -8*q - 15*q + 13*q - 20*q - 9. Let f be o(-6). Suppose 46 - f = -5*m. What is the tens digit of m?
2
Let x = 23 - 114. Let n = x - -228. What is the units digit of n?
7
Suppose 6*z - 3818 = -17*z. What is the hundreds digit of z?
1
Let f = -16 - -27. Let z = 47 - f. Suppose -z = -3*x + 78. What is the units digit of x?
8
Let h(m) = -m**2 - 7. Let q be h(8). Let j = 118 + q. What is the tens digit of j?
4
Suppose 30*h + 5*l - 2034 = 27*h, 674 = h + 3*l. What is the units digit of h?
3
Let l = 46 + 29. Let r = l - 41. What is the tens digit of r*((-1)/2 + 1)?
1
Let m(q) = 5*q - 10*q - 9 - 18*q. What is the tens digit of m(-7)?
5
Suppose 9465 = -451*x + 466*x. What is the tens digit of x?
3
Let r(d) = -50*d + 94. What is the units digit of r(-28)?
4
Suppose 0 = 2*d - 196 - 512. Suppose 1054 = 8*y - d. What is the tens digit of y?
7
Let r = -86 - -84. What is the units digit of (-7)/4 - r - (-374)/8?
7
Let m(b) be the third derivative of -7*b**6/120 - b**5/60 - b**3/3 - 20*b**2. What is the units digit of m(-2)?
0
Suppose -5*m - 25 = -5*c, 4*c = c - 4*m - 20. Suppose 3*h - 6*p + p = 572, c = -2*h + 3*p + 381. What is the units digit of h?
9
Let f(h) = -h**3 - 16*h**2 - 18*h - 8. Let s be 3 + (-1 - 4) + -13. Let c be f(s). Let m = c + -33. What is the units digit of m?
4
Let m(x) = 4*x**3 - x**2 + 4*x - 21. What is the tens digit of m(3)?
9
Suppose 552 + 2070 = 6*j. What is the hundreds digit of j?
4
Let l be (-8)/(-10)*150/20. What is the tens digit of 226/l + (-12)/18?
3
Suppose 3*o - 4*i - 3 + 60 = 0, -4*i - 18 = 2*o. Let p = 18 + o. Suppose p*j - 52 = -y, 3*y + 4 = 4*y. What is the tens digit of j?
1
Suppose 5*m - 10*m = 0. Let a be 20 + m*(-1 + 0). Let y = a + -12. What is the units digit of y?
8
Suppose 0 = -c - 2*c + 48. What is the tens digit of (-60)/c + 4 - 2508/(-16)?
5
Let v = -764 + 1283. What is the tens digit of v?
1
Let v = -72 - -193. What is the tens digit of v?
2
Let w = -60 + 62. Suppose w*z = 3*k + 75 + 34, -4*k + 208 = 4*z. What is the units digit of z?
3
Suppose -11*f + 2260 = -72. What is the tens digit of f?
1
Suppose -5*z - 4*n = -16, n = 2*z - 3 - 6. Suppose -5*r + z = -2*a, 0*r - r + 2 = 0. Suppose -a*w = -3, -o - 4*w = -3*w - 16. What is the tens digit of o?
1
Suppose 7 - 15 = m. Let y = m - -5. What is the units digit of 0 - (5 + y - 4)?
2
Suppose -2 + 18 = 4*s. Suppose 2*q - s*i + 18 = 0, -2*i - i = 3*q. What is the tens digit of 140/4 + -2 + q?
3
Let q = -21 - -30. Let g be (14/(-4))/(q/(-90)). Suppose 4*l - 113 = g. What is the tens digit of l?
3
What is the hundreds digit of (40/(-320) - (-39)/(-8)) + 1495?
4
Let h be 81/(-18) - 6/(-4). Let d be h/((-3)/(-14)) - 1. Let p = -4 - d. What is the units digit of p?
1
Let z = 5 + -2. Suppose -z*m = m. Suppose -4*n - 3*d + 148 = m, -d + 140 = 4*n - 0*d. What is the tens digit of n?
3
Let t = -49 + 47. What is the tens digit of (-6462)/(-78) - t/13?
8
Let u(c) be the third derivative of c**4/4 - c**3/3 + 4*c**2. Suppose -4 = 4*l - 2*f - 14, -4*l = f - 1. What is the units digit of u(l)?
4
Let w = -98 - -260. What is the units digit of w?
2
Suppose 0 = w - 1, 0 = -2*r + 5*w + 11. Let x = r + -3. What is the units digit of -3 - (-18 + -2 + x)?
2
What is the hundreds digit of (-8 + -6)/(((-9)/3)/36)?
1
Let p(t) = -6*t - 7. What is the hundreds digit of p(-22)?
1
Let o(r) = r**2 - 2*r + 98. Let y = -39 + 39. What is the tens digit of o(y)?
9
Let s be (168/(-10))/(2/(160/(-6))). Suppose -8*o - s = -9*o. Wh